t the prime factors of m(-11).
2, 3
Let d(y) = -y**3 + 2*y**2 + 46*y + 69. What are the prime factors of d(-12)?
3, 7, 73
Let l(y) be the third derivative of 0*y**4 + 0*y + 1/60*y**5 + 0*y**3 + 0 - 4*y**2. What are the prime factors of l(6)?
2, 3
Suppose 6*h + 75*h = 53298. List the prime factors of h.
2, 7, 47
Suppose -4*b + 3*y - 14 = 0, -b + 2 - 12 = -4*y. What are the prime factors of (136 - b)*7/14?
3, 23
Let k be (5*9/30)/(2/4). Suppose 0 = k*h - 5*w - 240, -3*w - 2*w = 2*h - 135. List the prime factors of h.
3, 5
Suppose -11*i + 31*i = 7240. What are the prime factors of i?
2, 181
Let m = -139 - -201. Let s = m + -38. List the prime factors of s.
2, 3
Let g be ((-27)/36)/(1/200). Let q = g - -278. List the prime factors of q.
2
Let n(v) = v**3 + 6*v**2 + 5*v - 3. Let l be n(-3). List the prime factors of 3/l - (-1)/(6/118).
2, 5
Suppose 3*c + 1008 = 11*c. What are the prime factors of c?
2, 3, 7
Let x(y) = -19*y + 13. List the prime factors of x(-12).
241
Let v be (2/(-4))/((-8)/768). Suppose -v = -7*k + 3*k. Suppose 0 = 5*c - k - 13. List the prime factors of c.
5
Suppose 26 + 16 = 3*x. Suppose -5*c = -3*c - x. Suppose 3*k - c*k + 56 = 0. List the prime factors of k.
2, 7
Let v(i) = i**2 - 8*i + 14. Let o be v(6). Suppose -o = -2*b + b. List the prime factors of (87/6 - 2)*b.
5
Let b(z) = z**3 + z**2 + 7. Suppose -4*s = -0*s - 40. Let n(u) = u**3 - 9*u**2 - 9*u - 10. Let x be n(s). List the prime factors of b(x).
7
Suppose -o = j - 73, -31 = -4*o - j + 276. List the prime factors of (o - -1) + -4 + 1.
2, 19
Let c be (1 - (3 - 3))/(3/(-33)). What are the prime factors of 18/99 + (-1252)/c?
2, 3, 19
Suppose 3*t = -9, s - 2*t = 3220 + 697. What are the prime factors of s?
3911
What are the prime factors of (33/((-99)/(-4)))/(4/8166)?
2, 1361
Suppose -5*i + 0*i = 5. Let d be 1 + (-1 + -1 - i). Suppose 2*q - 6*q + 100 = d. List the prime factors of q.
5
Suppose 13*p = -0*p + 195. Suppose 4*d = -2*s + 2*d + 38, -p = -s - 3*d. List the prime factors of s.
3, 7
Suppose -3*n + 0 = -3*a + 15, -4*a - n + 30 = 0. Suppose -a*j + 128 = -159. What are the prime factors of j?
41
Suppose -89*i + 93*i - 1682 = -u, -4*i - 4982 = -3*u. What are the prime factors of u?
2, 7, 17
Let o(m) = 20*m + 100. Let g(r) = 5*r + 25. Let x(q) = 25*g(q) - 6*o(q). What are the prime factors of x(13)?
2, 3, 5
Let d = 2881 - 1993. List the prime factors of d.
2, 3, 37
Let y(r) = -r - 4. Let f be y(-8). Suppose -4*w - 349 = -9*w - q, 5*w - 329 = f*q. Suppose 5*u - w = 81. What are the prime factors of u?
2, 3, 5
Let s be 2/(-4)*6 + 0. Let a be 41 + -4*s/(-6). Let d = a + 0. List the prime factors of d.
3, 13
Let b(o) = 5*o**2 - 3*o - 14. Let f be b(-10). What are the prime factors of ((-5)/5)/((-4)/f)?
3, 43
What are the prime factors of (-354)/1*(-26)/4?
3, 13, 59
Let v(q) = 47*q**2 + q. Let t be (-12)/4 - 0 - -4. Let r be t + -2 - -2 - 2. List the prime factors of v(r).
2, 23
Let p(x) = 6*x - 7. Let h be p(5). Let f = h - 17. Let v = 21 - f. List the prime factors of v.
3, 5
Let v = 1683 + -506. List the prime factors of v.
11, 107
Suppose 0 = 4*v - k - 11184, -5*v = -v + 5*k - 11184. What are the prime factors of v?
2, 3, 233
Let k = -269 - -392. Let f = k - -111. List the prime factors of f.
2, 3, 13
Suppose -9*p + 63653 - 16583 = 0. What are the prime factors of p?
2, 5, 523
Let k be 2*((-100)/(-8))/5. Suppose -4*y + 5*d + 102 = 0, -k*y + 138 = -4*d + 3*d. List the prime factors of y.
2, 7
Let h be (-8)/(-36) + 976/(-18). Suppose 26*b + 8 = 28*b. List the prime factors of h/b*(-22)/33.
3
Suppose 2*d - 33 = -11. Let b = d + -19. What are the prime factors of 0/(-2) - (b + 5)?
3
Suppose -2*o = -3*y + 4*y + 3, -2*o = 4*y. Suppose 0 = 2*u - 5*u - 2*v - y, -3*v = -3*u + 9. What are the prime factors of (25/10)/(u/28)?
2, 5, 7
List the prime factors of (280/3 - -1)*(136 + -130).
2, 283
Let u = 8 - 5. Suppose 5*m = -5*w, u*w + 0*m - 28 = 4*m. List the prime factors of w.
2
Suppose -s + 32 = 4*p, 5*p - s = 54 - 14. Suppose 5*o - 25 = 0, -2*n = o - p + 1. Suppose -5*w + 124 + n = 0. List the prime factors of w.
5
Let p(i) = 28*i**3 + 3 - 27*i**3 - 7*i**2 - 23*i + 23*i**2. List the prime factors of p(-17).
3, 5, 7
Let c = 47 + 147. List the prime factors of c.
2, 97
Suppose 3*o - 4*a = 275, -369 = -8*o + 4*o + 3*a. Suppose -1220 = 89*t - o*t. What are the prime factors of t?
5, 61
Let f(i) = 8 + 0 + 0*i - 3*i - i. What are the prime factors of f(0)?
2
Let r be (-3 - (-266)/2) + 0. Suppose r = 4*w + w. Suppose -4*s + 1 + w = 5*m, -4*m + 5*s + 38 = 0. What are the prime factors of m?
7
Let c = -12 + 12. Suppose 3*o = 3*u - 27, 4*u + c*o - 39 = 5*o. Suppose y - u = -2*y. What are the prime factors of y?
2
Let s be (0/16)/(4/(-1)). Suppose s = -2*d - 2*o + 578, d - 4*o - 289 = -0*o. What are the prime factors of d?
17
Let g(k) = -6*k**3 + 2*k**2 - k + 1. Suppose 4*v + 4 + 4 = 3*l, 2*v + 4 = -4*l. What are the prime factors of g(v)?
59
Let v(f) = -f + 4. Let q be v(0). Suppose 3*r - 44 = r + q*y, 0 = -3*r - y + 52. What are the prime factors of r?
2, 3
Suppose 0 = -5*b + 10 + 50. Let p be (-1 - b/3) + 1. What are the prime factors of (-49)/(-2) + 2/p?
2, 3
Let u(p) = 134*p + 335. List the prime factors of u(9).
23, 67
Let c be 108/30 - (-3)/(-5). Suppose -2 = -2*y + c*y + 2*f, 0 = -5*y - 3*f - 3. Suppose y = -3*l - 3*j + 72, j = 2*l - 24 - 18. What are the prime factors of l?
2, 11
Let f(c) = -c - 4. Let r(m) = m - 14. Let p be r(7). Let q = -13 - p. List the prime factors of f(q).
2
Suppose 10*b = 6*b - 40. Let f be (2 - 1) + (-42)/(-2). Let y = b + f. List the prime factors of y.
2, 3
Let y be (2/3)/((-2)/1101). Let r = y - -562. What are the prime factors of r?
3, 5, 13
Let p = 110 + -125. Let u = 76 - 44. Let h = p + u. What are the prime factors of h?
17
Let n = 442 + -357. What are the prime factors of n?
5, 17
Suppose u = -5 + 55. Let a = -31 + u. What are the prime factors of a?
19
Let n(a) = -a**3 - 7*a**2 - 7*a - 6. Let w be n(-4). Let z = w + 66. List the prime factors of z.
2, 5
Let d(b) = -11*b**2 + 10*b + 7. Let w be d(5). Let h = w + 391. List the prime factors of h.
173
Suppose 2*b + 10 = 52. Suppose 0 = -3*o + 4*o + 21. What are the prime factors of (-6)/o + 561/b?
3
Let a(h) = 14*h**2 - 2*h + 2. Let p be a(2). Suppose 2*m + m = p. List the prime factors of m.
2, 3
Suppose -4*w = -7*k + 2*k - 58, -k + 34 = 3*w. List the prime factors of w*((-84)/(-16) - -1).
3, 5
List the prime factors of ((-2733)/(-2))/((-45)/(-30)).
911
Suppose 0 = 28*u - 162*u + 1206. List the prime factors of u.
3
Let g(u) = 3*u**2 - 5*u + 9. Let j be g(-9). Let m = j + -61. List the prime factors of m.
2, 59
Let w = 13 + -11. Suppose 35 = r + 4*r - 3*q, w*q = -2*r - 2. Suppose 27 = r*c + 3. What are the prime factors of c?
2, 3
Let b(q) be the first derivative of -q**4/4 - 8*q**3/3 + 2*q**2 + 20*q + 7. List the prime factors of b(-9).
5, 13
Suppose -4*i = -3*v - 249, 352 = 4*i + 2*v + 78. Let w = 21 + i. Let j = w - 50. List the prime factors of j.
37
Let w = 9 + -7. Suppose 10*z = 5*z + 85. Suppose c - w*j = 11, -j = -c - 2*j + z. What are the prime factors of c?
3, 5
Let n(j) = -j**3 + 9*j**2 - j + 13. Let s be n(9). Suppose 4*v - 39 = -3*q + 48, s*q = v + 97. Suppose -4*i - i + q = 0. What are the prime factors of i?
5
Suppose -4*x - 4*a - 52 = 0, -54 = 5*x - a + 17. Let z = x - -14. Suppose z = 2*o + 2*o - 152. What are the prime factors of o?
2, 19
Suppose 3*j - v = 2*v + 15, 3*j + 3*v = 21. Suppose 0 = 4*w + j - 86. Let l = -1 + w. List the prime factors of l.
19
Let q be 2904/(-54) + 4/(-18). List the prime factors of (14 - 13)/((-2)/q).
3
Suppose 9*y - 5 = 8*y. Suppose -h = -31 + y. What are the prime factors of h?
2, 13
Let b = -30 - -30. Suppose b = -8*a + 6*a + 80. List the prime factors of a.
2, 5
Suppose 1689 = 12*r - 29547. What are the prime factors of r?
19, 137
What are the prime factors of 96/128 - (1 + 11997/(-4))?
2999
Let x be (-10)/15 - (-22)/6. Let l(s) = s**2 - 4*s - 2. Let c be l(x). Let b(z) = -6*z. List the prime factors of b(c).
2, 3, 5
Let a = -24 + 23. List the prime factors of a/(2/(-58)) + 4.
3, 11
Let a be 3/(-15) - -13*4/10. Suppose -23 = -a*j + 177. What are the prime factors of j?
2, 5
Let m(z) = 6*z + 12. Let x be m(5). Suppose -v + x = -49. List the pri